{"id":11,"date":"2018-11-19T18:34:29","date_gmt":"2018-11-19T18:34:29","guid":{"rendered":"http:\/\/reinhard-doberenz.de\/?page_id=11"},"modified":"2022-06-15T14:37:18","modified_gmt":"2022-06-15T14:37:18","slug":"prognose","status":"publish","type":"page","link":"http:\/\/reinhard-doberenz.de\/?page_id=11","title":{"rendered":"Prognose"},"content":{"rendered":"<h2>Kriminalprognose (Gutachten f\u00fcr Inhaftierte im Regelvollzug und Untergebrachte im Ma\u00dfregelvollzug)<\/h2>\n<p><span style=\"font-size: 18pt;\">Soll ein Straft\u00e4ter vor Ablauf seiner Haftstrafe aus dem Vollzug\u00a0 oder ewiner anderen freiheitsentziehenden Ma\u00dfnahme entlassen werden, dann mu\u00df in bestimmten F\u00e4llen ein Sachverst\u00e4ndiger ein Gutachten zur Kriminalprognose erstellen. Durch das Gutachten soll die Frage beantwortet werden, ob von dem Gefangenen oder Untergebrachten weiterhin eine Gefahr ausgeht.\u00a0 Sachverst\u00e4ndige sollen ermitteln, welche Straftaten vom Gefangenen mit welcher Wahrscheinlichkeit in Zukunft zu erwarten sind. Aufgabe des Richters ist es schlie\u00dflich zu entscheiden, ob die ermittelte Wahrscheinlichkeit ausreichend gering ist, um den Straft\u00e4ter vorzeitig aus der Haft oder einer Ma\u00dfregelklinik zu entlassen.<\/span><\/p>\n\n\n<figure class=\"wp-block-image size-column1-1\/4\"><img loading=\"lazy\" decoding=\"async\" width=\"870\" height=\"285\" src=\"http:\/\/reinhard-doberenz.de\/wp-content\/uploads\/2022\/06\/Mauer-870x285.jpg\" alt=\"\" class=\"wp-image-321\"\/><\/figure>\n","protected":false},"excerpt":{"rendered":"<p>Kriminalprognose (Gutachten f\u00fcr Inhaftierte im Regelvollzug und Untergebrachte im Ma\u00dfregelvollzug) Soll ein Straft\u00e4ter vor Ablauf seiner Haftstrafe aus dem Vollzug\u00a0 oder ewiner anderen freiheitsentziehenden Ma\u00dfnahme entlassen werden, dann mu\u00df in bestimmten F\u00e4llen ein Sachverst\u00e4ndiger ein Gutachten zur Kriminalprognose erstellen. Durch das Gutachten soll die Frage beantwortet werden, ob von dem Gefangenen oder Untergebrachten weiterhin eine [&hellip;]<\/p>\n","protected":false},"author":1,"featured_media":0,"parent":0,"menu_order":0,"comment_status":"closed","ping_status":"closed","template":"","meta":{"footnotes":""},"class_list":["post-11","page","type-page","status-publish","hentry"],"_links":{"self":[{"href":"http:\/\/reinhard-doberenz.de\/index.php?rest_route=\/wp\/v2\/pages\/11","targetHints":{"allow":["GET"]}}],"collection":[{"href":"http:\/\/reinhard-doberenz.de\/index.php?rest_route=\/wp\/v2\/pages"}],"about":[{"href":"http:\/\/reinhard-doberenz.de\/index.php?rest_route=\/wp\/v2\/types\/page"}],"author":[{"embeddable":true,"href":"http:\/\/reinhard-doberenz.de\/index.php?rest_route=\/wp\/v2\/users\/1"}],"replies":[{"embeddable":true,"href":"http:\/\/reinhard-doberenz.de\/index.php?rest_route=%2Fwp%2Fv2%2Fcomments&post=11"}],"version-history":[{"count":5,"href":"http:\/\/reinhard-doberenz.de\/index.php?rest_route=\/wp\/v2\/pages\/11\/revisions"}],"predecessor-version":[{"id":331,"href":"http:\/\/reinhard-doberenz.de\/index.php?rest_route=\/wp\/v2\/pages\/11\/revisions\/331"}],"wp:attachment":[{"href":"http:\/\/reinhard-doberenz.de\/index.php?rest_route=%2Fwp%2Fv2%2Fmedia&parent=11"}],"curies":[{"name":"wp","href":"https:\/\/api.w.org\/{rel}","templated":true}]}}