{"id":32,"date":"2018-11-19T18:40:50","date_gmt":"2018-11-19T18:40:50","guid":{"rendered":"http:\/\/reinhard-doberenz.de\/?page_id=32"},"modified":"2022-06-15T14:57:58","modified_gmt":"2022-06-15T14:57:58","slug":"aussage","status":"publish","type":"page","link":"http:\/\/reinhard-doberenz.de\/?page_id=32","title":{"rendered":"Aussagepsychologie"},"content":{"rendered":"<p><span style=\"font-size: 18pt;\">In der Regel finden sich im Vorfeld einer aussagepsychologischen Begutachtung keine oder nur unzureichende Tatsachenbeweise, also lediglich die Aussage\u00a0 einer mutma\u00dflich Gesch\u00e4digten sowie eines Tatverd\u00e4chtigen (Aussage-gegen-Aussage-Konstellation).\u00a0<\/span><\/p>\n<p><span style=\"font-size: 18pt;\">Der methodische Standard besteht in einer hypothesengeleiteten Diagnostik nach den Richtlinien des BHG Urteils aus dem Jahr 1998, das auf dem empirischen Erkenntnisstand zur Unterscheidung von wahren und nicht erlebnisfundierten Aussagen basiert. Nach Kenntnis der Vorinformationen werden Gegenhypothesen zur Wahrnahme abgeleitet und systematisch gepr\u00fcft. Untersucht werden vor dem Hintergrund von Erkenntnissen der psychologischen Ged\u00e4chtnisforschung und den individuellen Voraussetzungen der Aussageperson die Aussaget\u00fcchtigkeit, die Aussagegeschichte sowie die Aussagequalit\u00e4t.<\/span><\/p>\n<p><span style=\"font-size: 18pt;\">Im Fokus der Glaubhaftigkeitsbegutachtung steht dabei nicht die Bewertung der Faktizit\u00e4t eines in Frage stehenden Tatgeschehens, sondern die psychologische Beurteilung der von einem mutma\u00dflichen Opferzeugen vorgetragenen <em>Ged\u00e4chtnisrepr\u00e4sentationen<\/em>.<\/span><\/p>\n<p><span style=\"font-size: 18pt;\"><a href=\"https:\/\/www.hrr-strafrecht.de\/hrr\/1\/98\/1-618-98.php3\" target=\"_blank\" rel=\"noopener\">Richtlinien des BHG Urteils aus dem Jahr 1998<\/a>.<\/span><\/p>\n\n\n<figure class=\"wp-block-gallery has-nested-images columns-default is-cropped wp-block-gallery-1 is-layout-flex wp-block-gallery-is-layout-flex\">\n<figure class=\"wp-block-image size-large\"><img loading=\"lazy\" decoding=\"async\" width=\"2560\" height=\"2560\" data-id=\"326\" src=\"http:\/\/reinhard-doberenz.de\/wp-content\/uploads\/2022\/06\/HipstamaticPhoto-676825140.173522-scaled.jpg\" alt=\"\" class=\"wp-image-326\" srcset=\"http:\/\/reinhard-doberenz.de\/wp-content\/uploads\/2022\/06\/HipstamaticPhoto-676825140.173522-scaled.jpg 2560w, http:\/\/reinhard-doberenz.de\/wp-content\/uploads\/2022\/06\/HipstamaticPhoto-676825140.173522-300x300.jpg 300w, http:\/\/reinhard-doberenz.de\/wp-content\/uploads\/2022\/06\/HipstamaticPhoto-676825140.173522-1024x1024.jpg 1024w, http:\/\/reinhard-doberenz.de\/wp-content\/uploads\/2022\/06\/HipstamaticPhoto-676825140.173522-150x150.jpg 150w, http:\/\/reinhard-doberenz.de\/wp-content\/uploads\/2022\/06\/HipstamaticPhoto-676825140.173522-768x768.jpg 768w, http:\/\/reinhard-doberenz.de\/wp-content\/uploads\/2022\/06\/HipstamaticPhoto-676825140.173522-1536x1536.jpg 1536w, http:\/\/reinhard-doberenz.de\/wp-content\/uploads\/2022\/06\/HipstamaticPhoto-676825140.173522-2048x2048.jpg 2048w, http:\/\/reinhard-doberenz.de\/wp-content\/uploads\/2022\/06\/HipstamaticPhoto-676825140.173522-53x53.jpg 53w\" sizes=\"auto, (max-width: 2560px) 100vw, 2560px\" \/><\/figure>\n\n\n\n<figure class=\"wp-block-image size-large\"><img loading=\"lazy\" decoding=\"async\" width=\"2560\" height=\"2560\" data-id=\"325\" src=\"http:\/\/reinhard-doberenz.de\/wp-content\/uploads\/2022\/06\/JPEG-Bild-F994C16FAB31-1-scaled.jpeg\" alt=\"\" class=\"wp-image-325\" srcset=\"http:\/\/reinhard-doberenz.de\/wp-content\/uploads\/2022\/06\/JPEG-Bild-F994C16FAB31-1-scaled.jpeg 2560w, http:\/\/reinhard-doberenz.de\/wp-content\/uploads\/2022\/06\/JPEG-Bild-F994C16FAB31-1-300x300.jpeg 300w, http:\/\/reinhard-doberenz.de\/wp-content\/uploads\/2022\/06\/JPEG-Bild-F994C16FAB31-1-1024x1024.jpeg 1024w, http:\/\/reinhard-doberenz.de\/wp-content\/uploads\/2022\/06\/JPEG-Bild-F994C16FAB31-1-150x150.jpeg 150w, http:\/\/reinhard-doberenz.de\/wp-content\/uploads\/2022\/06\/JPEG-Bild-F994C16FAB31-1-768x768.jpeg 768w, http:\/\/reinhard-doberenz.de\/wp-content\/uploads\/2022\/06\/JPEG-Bild-F994C16FAB31-1-1536x1536.jpeg 1536w, http:\/\/reinhard-doberenz.de\/wp-content\/uploads\/2022\/06\/JPEG-Bild-F994C16FAB31-1-2048x2048.jpeg 2048w, http:\/\/reinhard-doberenz.de\/wp-content\/uploads\/2022\/06\/JPEG-Bild-F994C16FAB31-1-53x53.jpeg 53w\" sizes=\"auto, (max-width: 2560px) 100vw, 2560px\" \/><\/figure>\n<\/figure>\n","protected":false},"excerpt":{"rendered":"<p>In der Regel finden sich im Vorfeld einer aussagepsychologischen Begutachtung keine oder nur unzureichende Tatsachenbeweise, also lediglich die Aussage\u00a0 einer mutma\u00dflich Gesch\u00e4digten sowie eines Tatverd\u00e4chtigen (Aussage-gegen-Aussage-Konstellation).\u00a0 Der methodische Standard besteht in einer hypothesengeleiteten Diagnostik nach den Richtlinien des BHG Urteils aus dem Jahr 1998, das auf dem empirischen Erkenntnisstand zur Unterscheidung von wahren und nicht [&hellip;]<\/p>\n","protected":false},"author":1,"featured_media":0,"parent":0,"menu_order":0,"comment_status":"closed","ping_status":"closed","template":"","meta":{"footnotes":""},"class_list":["post-32","page","type-page","status-publish","hentry"],"_links":{"self":[{"href":"http:\/\/reinhard-doberenz.de\/index.php?rest_route=\/wp\/v2\/pages\/32","targetHints":{"allow":["GET"]}}],"collection":[{"href":"http:\/\/reinhard-doberenz.de\/index.php?rest_route=\/wp\/v2\/pages"}],"about":[{"href":"http:\/\/reinhard-doberenz.de\/index.php?rest_route=\/wp\/v2\/types\/page"}],"author":[{"embeddable":true,"href":"http:\/\/reinhard-doberenz.de\/index.php?rest_route=\/wp\/v2\/users\/1"}],"replies":[{"embeddable":true,"href":"http:\/\/reinhard-doberenz.de\/index.php?rest_route=%2Fwp%2Fv2%2Fcomments&post=32"}],"version-history":[{"count":8,"href":"http:\/\/reinhard-doberenz.de\/index.php?rest_route=\/wp\/v2\/pages\/32\/revisions"}],"predecessor-version":[{"id":342,"href":"http:\/\/reinhard-doberenz.de\/index.php?rest_route=\/wp\/v2\/pages\/32\/revisions\/342"}],"wp:attachment":[{"href":"http:\/\/reinhard-doberenz.de\/index.php?rest_route=%2Fwp%2Fv2%2Fmedia&parent=32"}],"curies":[{"name":"wp","href":"https:\/\/api.w.org\/{rel}","templated":true}]}}